{"id":362,"date":"2025-12-10T13:57:59","date_gmt":"2025-12-10T13:57:59","guid":{"rendered":"https:\/\/sites.vireisite.com.br\/maurosistemas\/?page_id=362"},"modified":"2025-12-10T16:35:48","modified_gmt":"2025-12-10T16:35:48","slug":"desenvolvimento-de-software","status":"publish","type":"page","link":"https:\/\/sites.vireisite.com.br\/maurosistemas\/desenvolvimento-de-software\/","title":{"rendered":"Desenvolvimento de Software"},"content":{"rendered":"\t\t<div data-elementor-type=\"wp-page\" data-elementor-id=\"362\" class=\"elementor elementor-362\" data-elementor-post-type=\"page\">\n\t\t\t\t\t\t<section class=\"elementor-section elementor-top-section elementor-element elementor-element-625a6535 elementor-section-full_width elementor-section-height-default elementor-section-height-default\" data-id=\"625a6535\" data-element_type=\"section\">\n\t\t\t\t\t\t<div class=\"elementor-container elementor-column-gap-no\">\n\t\t\t\t\t<div class=\"elementor-column elementor-col-100 elementor-top-column elementor-element elementor-element-7de8eed8\" data-id=\"7de8eed8\" data-element_type=\"column\">\n\t\t\t<div class=\"elementor-widget-wrap\">\n\t\t\t\t\t\t\t<\/div>\n\t\t<\/div>\n\t\t\t\t\t<\/div>\n\t\t<\/section>\n\t\t<div class=\"elementor-element elementor-element-4ac474ff e-flex e-con-boxed e-con e-parent\" data-id=\"4ac474ff\" data-element_type=\"container\" data-settings=\"{&quot;background_background&quot;:&quot;classic&quot;}\">\n\t\t\t\t\t<div class=\"e-con-inner\">\n\t\t\t\t<div class=\"elementor-element elementor-element-3db5ba03 elementor-widget elementor-widget-heading\" data-id=\"3db5ba03\" data-element_type=\"widget\" data-widget_type=\"heading.default\">\n\t\t\t\t\t<h1 class=\"elementor-heading-title elementor-size-default\">Desenvolvimento de Software<\/h1>\t\t\t\t<\/div>\n\t\t\t\t\t<\/div>\n\t\t\t\t<\/div>\n\t\t\t\t<section class=\"elementor-section elementor-top-section elementor-element elementor-element-48f0e957 elementor-section-boxed elementor-section-height-default elementor-section-height-default\" data-id=\"48f0e957\" data-element_type=\"section\">\n\t\t\t\t\t\t<div class=\"elementor-container elementor-column-gap-no\">\n\t\t\t\t\t<div class=\"elementor-column elementor-col-50 elementor-top-column elementor-element elementor-element-670ee637\" data-id=\"670ee637\" data-element_type=\"column\">\n\t\t\t<div class=\"elementor-widget-wrap elementor-element-populated\">\n\t\t\t\t\t\t<div class=\"elementor-element elementor-element-3db48450 elementor-widget elementor-widget-text-editor\" data-id=\"3db48450\" data-element_type=\"widget\" data-widget_type=\"text-editor.default\">\n\t\t\t\t\t\t\t\t\t<p data-start=\"243\" data-end=\"583\">Na <strong data-start=\"246\" data-end=\"264\">Mauro Sistemas<\/strong>, desenvolvemos <strong data-start=\"280\" data-end=\"308\">softwares personalizados<\/strong> que acompanham a evolu\u00e7\u00e3o do seu neg\u00f3cio, tornando processos mais eficientes, integrados e seguros. Entendemos que cada empresa possui desafios \u00fanicos, por isso criamos solu\u00e7\u00f5es sob medida, alinhadas \u00e0s necessidades operacionais, estrat\u00e9gicas e tecnol\u00f3gicas de cada cliente.<\/p><p data-start=\"585\" data-end=\"988\">Atuamos em todo o ciclo de desenvolvimento: levantamento de requisitos, an\u00e1lise de processos, arquitetura de sistemas, programa\u00e7\u00e3o, testes, implanta\u00e7\u00e3o e suporte cont\u00ednuo. Nosso objetivo vai al\u00e9m da entrega de um sistema funcional \u2014 buscamos construir <strong data-start=\"837\" data-end=\"902\">solu\u00e7\u00f5es robustas, escal\u00e1veis e preparadas para o crescimento<\/strong>, garantindo alto desempenho, confiabilidade e f\u00e1cil adapta\u00e7\u00e3o \u00e0s mudan\u00e7as do mercado.<\/p><p data-start=\"990\" data-end=\"1400\">Com a digitaliza\u00e7\u00e3o dos neg\u00f3cios, empresas que investem em software sob medida ganham <strong data-start=\"1076\" data-end=\"1174\">agilidade operacional, redu\u00e7\u00e3o de custos, maior controle de informa\u00e7\u00f5es e vantagem competitiva<\/strong>. Enquanto solu\u00e7\u00f5es gen\u00e9ricas muitas vezes limitam a empresa, o desenvolvimento personalizado permite total ader\u00eancia aos fluxos internos, integra\u00e7\u00e3o com sistemas existentes e evolu\u00e7\u00e3o cont\u00ednua conforme as demandas do neg\u00f3cio.<\/p>\t\t\t\t\t\t\t\t<\/div>\n\t\t\t\t\t<\/div>\n\t\t<\/div>\n\t\t\t\t<div class=\"elementor-column elementor-col-50 elementor-top-column elementor-element elementor-element-67ac07b2\" data-id=\"67ac07b2\" data-element_type=\"column\">\n\t\t\t<div class=\"elementor-widget-wrap elementor-element-populated\">\n\t\t\t\t\t\t<div class=\"elementor-element elementor-element-290f2cdb elementor-widget elementor-widget-image\" data-id=\"290f2cdb\" data-element_type=\"widget\" data-widget_type=\"image.default\">\n\t\t\t\t\t\t\t\t\t\t\t\t\t\t\t<img fetchpriority=\"high\" decoding=\"async\" width=\"800\" height=\"534\" src=\"https:\/\/sites.vireisite.com.br\/maurosistemas\/wp-content\/uploads\/2025\/12\/desenvolvimento-software-geral-1024x684.jpg\" class=\"attachment-large size-large wp-image-432\" alt=\"\" srcset=\"https:\/\/sites.vireisite.com.br\/maurosistemas\/wp-content\/uploads\/2025\/12\/desenvolvimento-software-geral-1024x684.jpg 1024w, https:\/\/sites.vireisite.com.br\/maurosistemas\/wp-content\/uploads\/2025\/12\/desenvolvimento-software-geral-300x200.jpg 300w, https:\/\/sites.vireisite.com.br\/maurosistemas\/wp-content\/uploads\/2025\/12\/desenvolvimento-software-geral-768x513.jpg 768w, https:\/\/sites.vireisite.com.br\/maurosistemas\/wp-content\/uploads\/2025\/12\/desenvolvimento-software-geral-1536x1026.jpg 1536w, https:\/\/sites.vireisite.com.br\/maurosistemas\/wp-content\/uploads\/2025\/12\/desenvolvimento-software-geral.jpg 1920w\" sizes=\"(max-width: 800px) 100vw, 800px\" \/>\t\t\t\t\t\t\t\t\t\t\t\t\t\t\t<\/div>\n\t\t\t\t<section class=\"elementor-section elementor-inner-section elementor-element elementor-element-2b8267e5 animated-slow elementor-section-boxed elementor-section-height-default elementor-section-height-default elementor-invisible\" data-id=\"2b8267e5\" data-element_type=\"section\" data-settings=\"{&quot;animation&quot;:&quot;fadeInUp&quot;,&quot;animation_delay&quot;:0}\">\n\t\t\t\t\t\t<div class=\"elementor-container elementor-column-gap-no\">\n\t\t\t\t\t<div class=\"elementor-column elementor-col-100 elementor-inner-column elementor-element elementor-element-4d068173\" data-id=\"4d068173\" data-element_type=\"column\">\n\t\t\t<div class=\"elementor-widget-wrap\">\n\t\t\t\t\t\t\t<\/div>\n\t\t<\/div>\n\t\t\t\t\t<\/div>\n\t\t<\/section>\n\t\t\t\t\t<\/div>\n\t\t<\/div>\n\t\t\t\t\t<\/div>\n\t\t<\/section>\n\t\t\t\t<section class=\"elementor-section elementor-top-section elementor-element elementor-element-f7aa9c8 elementor-section-boxed elementor-section-height-default elementor-section-height-default\" data-id=\"f7aa9c8\" data-element_type=\"section\">\n\t\t\t\t\t\t<div class=\"elementor-container elementor-column-gap-no\">\n\t\t\t\t\t<div class=\"elementor-column elementor-col-50 elementor-top-column elementor-element elementor-element-c6d0e45\" data-id=\"c6d0e45\" data-element_type=\"column\">\n\t\t\t<div class=\"elementor-widget-wrap elementor-element-populated\">\n\t\t\t\t\t\t<div class=\"elementor-element elementor-element-44f5eb8 elementor-widget elementor-widget-heading\" data-id=\"44f5eb8\" data-element_type=\"widget\" data-widget_type=\"heading.default\">\n\t\t\t\t\t<h2 class=\"elementor-heading-title elementor-size-default\">Software Embarcado<\/h2>\t\t\t\t<\/div>\n\t\t\t\t<div class=\"elementor-element elementor-element-4a90c0f elementor-widget elementor-widget-text-editor\" data-id=\"4a90c0f\" data-element_type=\"widget\" data-widget_type=\"text-editor.default\">\n\t\t\t\t\t\t\t\t\t<p data-start=\"2367\" data-end=\"2731\">Al\u00e9m do desenvolvimento de sistemas tradicionais, a <strong data-start=\"2419\" data-end=\"2437\">Mauro Sistemas<\/strong> \u00e9 especializada em <strong data-start=\"2457\" data-end=\"2479\">software embarcado<\/strong>, criando solu\u00e7\u00f5es que integram tecnologia diretamente a dispositivos, m\u00e1quinas e equipamentos. Desenvolvemos aplica\u00e7\u00f5es que operam em microcontroladores, sensores e hardwares espec\u00edficos, possibilitando automa\u00e7\u00e3o, controle e comunica\u00e7\u00e3o em tempo real.<\/p><p data-start=\"2733\" data-end=\"3095\">O software embarcado \u00e9 essencial para projetos de <strong data-start=\"2783\" data-end=\"2905\">automa\u00e7\u00e3o industrial, dispositivos inteligentes, equipamentos eletr\u00f4nicos, sistemas de monitoramento e solu\u00e7\u00f5es de IoT<\/strong>. Nossos projetos s\u00e3o desenvolvidos com foco em desempenho, confiabilidade, baixo consumo de recursos e seguran\u00e7a operacional, garantindo o funcionamento est\u00e1vel mesmo em ambientes cr\u00edticos.<\/p><p data-start=\"3097\" data-end=\"3374\">Trabalhamos de forma integrada entre hardware e software, assegurando que cada solu\u00e7\u00e3o seja otimizada para o prop\u00f3sito do cliente. Isso permite maior precis\u00e3o nos dados, controle total dos processos automatizados e expans\u00e3o futura da solu\u00e7\u00e3o conforme novas necessidades surgem.<\/p><p data-start=\"3376\" data-end=\"3603\">Com o <strong data-start=\"3382\" data-end=\"3423\">desenvolvimento de software embarcado<\/strong>, sua empresa alcan\u00e7a um novo n\u00edvel de automa\u00e7\u00e3o, conectividade e inova\u00e7\u00e3o, transformando equipamentos comuns em <strong data-start=\"3536\" data-end=\"3602\">dispositivos inteligentes, estrat\u00e9gicos e altamente produtivos<\/strong>.<\/p>\t\t\t\t\t\t\t\t<\/div>\n\t\t\t\t\t<\/div>\n\t\t<\/div>\n\t\t\t\t<div class=\"elementor-column elementor-col-50 elementor-top-column elementor-element elementor-element-d114ccb\" data-id=\"d114ccb\" data-element_type=\"column\">\n\t\t\t<div class=\"elementor-widget-wrap elementor-element-populated\">\n\t\t\t\t\t\t<div class=\"elementor-element elementor-element-a9d7b86 elementor-widget elementor-widget-image\" data-id=\"a9d7b86\" data-element_type=\"widget\" data-widget_type=\"image.default\">\n\t\t\t\t\t\t\t\t\t\t\t\t\t\t\t<img decoding=\"async\" width=\"800\" height=\"530\" src=\"https:\/\/sites.vireisite.com.br\/maurosistemas\/wp-content\/uploads\/2025\/12\/desenvolvimento-software-embarcado-1024x678.jpg\" class=\"attachment-large size-large wp-image-431\" alt=\"\" srcset=\"https:\/\/sites.vireisite.com.br\/maurosistemas\/wp-content\/uploads\/2025\/12\/desenvolvimento-software-embarcado-1024x678.jpg 1024w, https:\/\/sites.vireisite.com.br\/maurosistemas\/wp-content\/uploads\/2025\/12\/desenvolvimento-software-embarcado-300x199.jpg 300w, https:\/\/sites.vireisite.com.br\/maurosistemas\/wp-content\/uploads\/2025\/12\/desenvolvimento-software-embarcado-768x509.jpg 768w, https:\/\/sites.vireisite.com.br\/maurosistemas\/wp-content\/uploads\/2025\/12\/desenvolvimento-software-embarcado.jpg 1280w\" sizes=\"(max-width: 800px) 100vw, 800px\" \/>\t\t\t\t\t\t\t\t\t\t\t\t\t\t\t<\/div>\n\t\t\t\t<section class=\"elementor-section elementor-inner-section elementor-element elementor-element-f7f14d1 animated-slow elementor-section-boxed elementor-section-height-default elementor-section-height-default elementor-invisible\" data-id=\"f7f14d1\" data-element_type=\"section\" data-settings=\"{&quot;animation&quot;:&quot;fadeInUp&quot;,&quot;animation_delay&quot;:0}\">\n\t\t\t\t\t\t<div class=\"elementor-container elementor-column-gap-no\">\n\t\t\t\t\t<div class=\"elementor-column elementor-col-100 elementor-inner-column elementor-element elementor-element-05bb5ab\" data-id=\"05bb5ab\" data-element_type=\"column\">\n\t\t\t<div class=\"elementor-widget-wrap\">\n\t\t\t\t\t\t\t<\/div>\n\t\t<\/div>\n\t\t\t\t\t<\/div>\n\t\t<\/section>\n\t\t\t\t\t<\/div>\n\t\t<\/div>\n\t\t\t\t\t<\/div>\n\t\t<\/section>\n\t\t\t\t<\/div>\n\t\t","protected":false},"excerpt":{"rendered":"<p>Desenvolvimento de Software Na Mauro Sistemas, desenvolvemos softwares personalizados que acompanham a evolu\u00e7\u00e3o do seu neg\u00f3cio, tornando processos mais eficientes, integrados e seguros. Entendemos que cada empresa possui desafios \u00fanicos, por isso criamos solu\u00e7\u00f5es sob medida, alinhadas \u00e0s necessidades operacionais, estrat\u00e9gicas e tecnol\u00f3gicas de cada cliente. Atuamos em todo o ciclo de desenvolvimento: levantamento de [&hellip;]<\/p>\n","protected":false},"author":1,"featured_media":0,"parent":0,"menu_order":0,"comment_status":"closed","ping_status":"closed","template":"elementor_header_footer","meta":{"footnotes":""},"class_list":["post-362","page","type-page","status-publish","hentry"],"yoast_head":"<!-- This site is optimized with the Yoast SEO plugin v26.5 - https:\/\/yoast.com\/wordpress\/plugins\/seo\/ -->\n<title>Desenvolvimento de Software - Mauro sistemas<\/title>\n<meta name=\"robots\" content=\"index, follow, max-snippet:-1, max-image-preview:large, max-video-preview:-1\" \/>\n<link rel=\"canonical\" href=\"https:\/\/sites.vireisite.com.br\/maurosistemas\/desenvolvimento-de-software\/\" \/>\n<meta property=\"og:locale\" content=\"pt_BR\" \/>\n<meta property=\"og:type\" content=\"article\" \/>\n<meta property=\"og:title\" content=\"Desenvolvimento de Software - Mauro sistemas\" \/>\n<meta property=\"og:description\" content=\"Desenvolvimento de Software Na Mauro Sistemas, desenvolvemos softwares personalizados que acompanham a evolu\u00e7\u00e3o do seu neg\u00f3cio, tornando processos mais eficientes, integrados e seguros. Entendemos que cada empresa possui desafios \u00fanicos, por isso criamos solu\u00e7\u00f5es sob medida, alinhadas \u00e0s necessidades operacionais, estrat\u00e9gicas e tecnol\u00f3gicas de cada cliente. Atuamos em todo o ciclo de desenvolvimento: levantamento de [&hellip;]\" \/>\n<meta property=\"og:url\" content=\"https:\/\/sites.vireisite.com.br\/maurosistemas\/desenvolvimento-de-software\/\" \/>\n<meta property=\"og:site_name\" content=\"Mauro sistemas\" \/>\n<meta property=\"article:modified_time\" content=\"2025-12-10T16:35:48+00:00\" \/>\n<meta property=\"og:image\" content=\"https:\/\/sites.vireisite.com.br\/maurosistemas\/wp-content\/uploads\/2025\/12\/desenvolvimento-software-geral.jpg\" \/>\n\t<meta property=\"og:image:width\" content=\"1920\" \/>\n\t<meta property=\"og:image:height\" content=\"1282\" \/>\n\t<meta property=\"og:image:type\" content=\"image\/jpeg\" \/>\n<meta name=\"twitter:card\" content=\"summary_large_image\" \/>\n<meta name=\"twitter:label1\" content=\"Est. tempo de leitura\" \/>\n\t<meta name=\"twitter:data1\" content=\"2 minutos\" \/>\n<script type=\"application\/ld+json\" class=\"yoast-schema-graph\">{\"@context\":\"https:\/\/schema.org\",\"@graph\":[{\"@type\":\"WebPage\",\"@id\":\"https:\/\/sites.vireisite.com.br\/maurosistemas\/desenvolvimento-de-software\/\",\"url\":\"https:\/\/sites.vireisite.com.br\/maurosistemas\/desenvolvimento-de-software\/\",\"name\":\"Desenvolvimento de Software - Mauro sistemas\",\"isPartOf\":{\"@id\":\"https:\/\/sites.vireisite.com.br\/maurosistemas\/#website\"},\"primaryImageOfPage\":{\"@id\":\"https:\/\/sites.vireisite.com.br\/maurosistemas\/desenvolvimento-de-software\/#primaryimage\"},\"image\":{\"@id\":\"https:\/\/sites.vireisite.com.br\/maurosistemas\/desenvolvimento-de-software\/#primaryimage\"},\"thumbnailUrl\":\"https:\/\/sites.vireisite.com.br\/maurosistemas\/wp-content\/uploads\/2025\/12\/desenvolvimento-software-geral-1024x684.jpg\",\"datePublished\":\"2025-12-10T13:57:59+00:00\",\"dateModified\":\"2025-12-10T16:35:48+00:00\",\"breadcrumb\":{\"@id\":\"https:\/\/sites.vireisite.com.br\/maurosistemas\/desenvolvimento-de-software\/#breadcrumb\"},\"inLanguage\":\"pt-BR\",\"potentialAction\":[{\"@type\":\"ReadAction\",\"target\":[\"https:\/\/sites.vireisite.com.br\/maurosistemas\/desenvolvimento-de-software\/\"]}]},{\"@type\":\"ImageObject\",\"inLanguage\":\"pt-BR\",\"@id\":\"https:\/\/sites.vireisite.com.br\/maurosistemas\/desenvolvimento-de-software\/#primaryimage\",\"url\":\"https:\/\/sites.vireisite.com.br\/maurosistemas\/wp-content\/uploads\/2025\/12\/desenvolvimento-software-geral.jpg\",\"contentUrl\":\"https:\/\/sites.vireisite.com.br\/maurosistemas\/wp-content\/uploads\/2025\/12\/desenvolvimento-software-geral.jpg\",\"width\":1920,\"height\":1282},{\"@type\":\"BreadcrumbList\",\"@id\":\"https:\/\/sites.vireisite.com.br\/maurosistemas\/desenvolvimento-de-software\/#breadcrumb\",\"itemListElement\":[{\"@type\":\"ListItem\",\"position\":1,\"name\":\"In\u00edcio\",\"item\":\"https:\/\/sites.vireisite.com.br\/maurosistemas\/\"},{\"@type\":\"ListItem\",\"position\":2,\"name\":\"Desenvolvimento de Software\"}]},{\"@type\":\"WebSite\",\"@id\":\"https:\/\/sites.vireisite.com.br\/maurosistemas\/#website\",\"url\":\"https:\/\/sites.vireisite.com.br\/maurosistemas\/\",\"name\":\"Mauro sistemas\",\"description\":\"Desenvolvimento de Software\",\"potentialAction\":[{\"@type\":\"SearchAction\",\"target\":{\"@type\":\"EntryPoint\",\"urlTemplate\":\"https:\/\/sites.vireisite.com.br\/maurosistemas\/?s={search_term_string}\"},\"query-input\":{\"@type\":\"PropertyValueSpecification\",\"valueRequired\":true,\"valueName\":\"search_term_string\"}}],\"inLanguage\":\"pt-BR\"}]}<\/script>\n<!-- \/ Yoast SEO plugin. -->","yoast_head_json":{"title":"Desenvolvimento de Software - Mauro sistemas","robots":{"index":"index","follow":"follow","max-snippet":"max-snippet:-1","max-image-preview":"max-image-preview:large","max-video-preview":"max-video-preview:-1"},"canonical":"https:\/\/sites.vireisite.com.br\/maurosistemas\/desenvolvimento-de-software\/","og_locale":"pt_BR","og_type":"article","og_title":"Desenvolvimento de Software - Mauro sistemas","og_description":"Desenvolvimento de Software Na Mauro Sistemas, desenvolvemos softwares personalizados que acompanham a evolu\u00e7\u00e3o do seu neg\u00f3cio, tornando processos mais eficientes, integrados e seguros. Entendemos que cada empresa possui desafios \u00fanicos, por isso criamos solu\u00e7\u00f5es sob medida, alinhadas \u00e0s necessidades operacionais, estrat\u00e9gicas e tecnol\u00f3gicas de cada cliente. Atuamos em todo o ciclo de desenvolvimento: levantamento de [&hellip;]","og_url":"https:\/\/sites.vireisite.com.br\/maurosistemas\/desenvolvimento-de-software\/","og_site_name":"Mauro sistemas","article_modified_time":"2025-12-10T16:35:48+00:00","og_image":[{"width":1920,"height":1282,"url":"https:\/\/sites.vireisite.com.br\/maurosistemas\/wp-content\/uploads\/2025\/12\/desenvolvimento-software-geral.jpg","type":"image\/jpeg"}],"twitter_card":"summary_large_image","twitter_misc":{"Est. tempo de leitura":"2 minutos"},"schema":{"@context":"https:\/\/schema.org","@graph":[{"@type":"WebPage","@id":"https:\/\/sites.vireisite.com.br\/maurosistemas\/desenvolvimento-de-software\/","url":"https:\/\/sites.vireisite.com.br\/maurosistemas\/desenvolvimento-de-software\/","name":"Desenvolvimento de Software - Mauro sistemas","isPartOf":{"@id":"https:\/\/sites.vireisite.com.br\/maurosistemas\/#website"},"primaryImageOfPage":{"@id":"https:\/\/sites.vireisite.com.br\/maurosistemas\/desenvolvimento-de-software\/#primaryimage"},"image":{"@id":"https:\/\/sites.vireisite.com.br\/maurosistemas\/desenvolvimento-de-software\/#primaryimage"},"thumbnailUrl":"https:\/\/sites.vireisite.com.br\/maurosistemas\/wp-content\/uploads\/2025\/12\/desenvolvimento-software-geral-1024x684.jpg","datePublished":"2025-12-10T13:57:59+00:00","dateModified":"2025-12-10T16:35:48+00:00","breadcrumb":{"@id":"https:\/\/sites.vireisite.com.br\/maurosistemas\/desenvolvimento-de-software\/#breadcrumb"},"inLanguage":"pt-BR","potentialAction":[{"@type":"ReadAction","target":["https:\/\/sites.vireisite.com.br\/maurosistemas\/desenvolvimento-de-software\/"]}]},{"@type":"ImageObject","inLanguage":"pt-BR","@id":"https:\/\/sites.vireisite.com.br\/maurosistemas\/desenvolvimento-de-software\/#primaryimage","url":"https:\/\/sites.vireisite.com.br\/maurosistemas\/wp-content\/uploads\/2025\/12\/desenvolvimento-software-geral.jpg","contentUrl":"https:\/\/sites.vireisite.com.br\/maurosistemas\/wp-content\/uploads\/2025\/12\/desenvolvimento-software-geral.jpg","width":1920,"height":1282},{"@type":"BreadcrumbList","@id":"https:\/\/sites.vireisite.com.br\/maurosistemas\/desenvolvimento-de-software\/#breadcrumb","itemListElement":[{"@type":"ListItem","position":1,"name":"In\u00edcio","item":"https:\/\/sites.vireisite.com.br\/maurosistemas\/"},{"@type":"ListItem","position":2,"name":"Desenvolvimento de Software"}]},{"@type":"WebSite","@id":"https:\/\/sites.vireisite.com.br\/maurosistemas\/#website","url":"https:\/\/sites.vireisite.com.br\/maurosistemas\/","name":"Mauro sistemas","description":"Desenvolvimento de Software","potentialAction":[{"@type":"SearchAction","target":{"@type":"EntryPoint","urlTemplate":"https:\/\/sites.vireisite.com.br\/maurosistemas\/?s={search_term_string}"},"query-input":{"@type":"PropertyValueSpecification","valueRequired":true,"valueName":"search_term_string"}}],"inLanguage":"pt-BR"}]}},"_links":{"self":[{"href":"https:\/\/sites.vireisite.com.br\/maurosistemas\/wp-json\/wp\/v2\/pages\/362","targetHints":{"allow":["GET"]}}],"collection":[{"href":"https:\/\/sites.vireisite.com.br\/maurosistemas\/wp-json\/wp\/v2\/pages"}],"about":[{"href":"https:\/\/sites.vireisite.com.br\/maurosistemas\/wp-json\/wp\/v2\/types\/page"}],"author":[{"embeddable":true,"href":"https:\/\/sites.vireisite.com.br\/maurosistemas\/wp-json\/wp\/v2\/users\/1"}],"replies":[{"embeddable":true,"href":"https:\/\/sites.vireisite.com.br\/maurosistemas\/wp-json\/wp\/v2\/comments?post=362"}],"version-history":[{"count":10,"href":"https:\/\/sites.vireisite.com.br\/maurosistemas\/wp-json\/wp\/v2\/pages\/362\/revisions"}],"predecessor-version":[{"id":438,"href":"https:\/\/sites.vireisite.com.br\/maurosistemas\/wp-json\/wp\/v2\/pages\/362\/revisions\/438"}],"wp:attachment":[{"href":"https:\/\/sites.vireisite.com.br\/maurosistemas\/wp-json\/wp\/v2\/media?parent=362"}],"curies":[{"name":"wp","href":"https:\/\/api.w.org\/{rel}","templated":true}]}}